Calculate the remainder when 22 is divided by v(w).
2
Suppose 21*o - 20*o - 2*p = 459, -2*o = 4*p - 902. Calculate the remainder when o is divided by 69.
41
Let t = 24 - 1. Suppose -6*r = -l - 677, 12*l + 341 = 3*r + 11*l. What is the remainder when r is divided by t?
20
Let z = -10 - -22. Calculate the remainder when 76 is divided by -67*z/(-30) - (-2)/10.
22
Let p(x) = -13*x + 551. Calculate the remainder when 97 is divided by p(41).
7
Suppose 42 = y + 2*b, -4*b - 56 - 28 = -2*y. What is the remainder when 325 is divided by y?
31
Let b(f) = f**3 - 16*f**2 + 18*f + 32. Let g be (1 + -3)/((-224)/1680). Calculate the remainder when b(g) is divided by 41.
36
Let x = -16 + 36. Suppose 33*g - l = 31*g + 354, 4*g + 3*l = 648. What is the remainder when g is divided by x?
11
Let m(w) = -w**2 - w + 18. Suppose 0 = z - 10*z + 4185. Calculate the remainder when z is divided by m(-3).
9
Let f = -9 - -17. Suppose 18*t - 81 = 45. Suppose 5*a - t*a + 66 = 4*z, 0 = -a + 2*z + 13. What is the remainder when a is divided by f?
7
Suppose -2*i + 450 = 3*i. Let l = i - 83. Suppose l*q - 2*q = 750. Calculate the remainder when q is divided by 22.
18
What is the remainder when 797 is divided by (3/2)/((36/(-3960))/((-16)/30))?
5
Suppose 31*s - 121*s + 29346 = 129*s. Calculate the remainder when 434 is divided by s.
32
Let a = -335 + 340. Suppose -145 = -5*z - 5*y, 9*z - 5*y = a*z + 152. Calculate the remainder when 91 is divided by z.
25
Suppose 18*z = -9*z + 189. Let r(p) = 8*p + 3 + 9*p - 9. Calculate the remainder when r(z) is divided by 38.
37
Suppose -3*r + 4*p = -939, 39*p - 40*p - 9 = 0. What is the remainder when r is divided by 85?
46
Let h(b) = b**2 - 28*b + 61. Let j be h(26). Suppose -j*d + 2982 = 5*d. What is the remainder when d is divided by 8?
5
Let g(h) = 15*h + 159. Let z be g(-10). Let c(v) = -v**3 + 17*v**2 - 40*v + 15. Calculate the remainder when c(z) is divided by 17.
14
Let u(r) = -61 - 43 - 5*r + 63. Calculate the remainder when -61*1/(0 + -1) is divided by u(-10).
7
Let m(g) = 116*g**3 - 2*g**2 - 18*g + 19. What is the remainder when 439 is divided by m(1)?
94
Suppose -x = -4*q + 10, x - 6 = 2*x - 3*q. Calculate the remainder when ((-9)/(-6))/(15/20) is divided by x - (4 - (1 - 1)).
0
Let w = -1839 - -1857. What is the remainder when 2444 is divided by w?
14
Suppose -3*t + 372 = 9*t. Suppose 2*i - t = 3*a - 32, -4*i + a = -13. Let y(c) = -c**3 - 2*c**2 + 7*c + 3. What is the remainder when y(-5) is divided by i?
3
Let g = -14 - -23. What is the remainder when (-3632)/(-140) + -1 - 148/(-2590) is divided by g?
7
Let k(q) = 654*q - 1959. What is the remainder when k(8) is divided by 1091?
0
Let p(x) = x**3 + 43*x**2 - 46*x - 67. What is the remainder when 946 is divided by p(-44)?
1
Let g(j) be the third derivative of 0 + 0*j + 13*j**2 + 5/6*j**3 + 1/12*j**4. Calculate the remainder when 62 is divided by g(4).
10
Suppose -2*o - 3*c + 1695 = 2*o, 4*o - 1660 = 4*c. Suppose -o = -37*a + 16*a. Let j = 114 + 5. Calculate the remainder when j is divided by a.
19
Let j = -209 + 249. Suppose 15*o - j = 10*o. Calculate the remainder when 133 is divided by o.
5
Let q(h) = h**2 + 37*h + 1129. Calculate the remainder when q(-25) is divided by 16.
13
Suppose 0 = l + 2*h - 31, 8*h - 11*h - 21 = -l. Suppose -3*i + 68 = j, 8*i - 3*j - l = 6*i. What is the remainder when 104 is divided by i?
20
Let w = 3123 - 3117. What is the remainder when 965 is divided by w?
5
Let h(i) = 47*i**2 - 210*i - 98. Let s(x) be the second derivative of x**4/12 + 5*x**3/6 + x**2 - x. What is the remainder when h(5) is divided by s(-5)?
1
Let t be (0 - -2 - -4) + -3. Let o = 1700 + -1668. What is the remainder when ((-72)/20 + t)*-205 is divided by o?
27
Let r(z) = z**3 - 2*z**2 - 16. Suppose -2*o + 5*o - 374 = 4*h, -4*o = -4*h - 500. Let g = -116 + o. Calculate the remainder when r(5) is divided by g.
9
What is the remainder when 118 is divided by 43*(25/75 - 8/(-12))?
32
Suppose -8*p - 6*p = -3*p - 231. Calculate the remainder when 44 is divided by p.
2
Let q(n) = n**3 + 7*n**2 - 13*n - 8. Let i be q(7). Let h = i - 556. What is the remainder when 33 is divided by h?
2
Suppose -w + 542 = -0*w. Let v(o) = 7*o**2 + 84*o - 83. What is the remainder when w is divided by v(1)?
6
Let r = -191 + 191. Suppose r*o - 8*o = -104. What is the remainder when 88 is divided by o?
10
Let q(l) be the first derivative of -l**3/3 - 8*l**2 - 31*l + 151. What is the remainder when 492 is divided by q(-4)?
16
Let t = 67 + -66. Let r = -220 + 308. Calculate the remainder when r is divided by t*(-8 - 5)/(-1).
10
Suppose -85*l + 343917 = 21512. What is the remainder when l is divided by 211?
206
Suppose -16*q + 8 = -392. What is the remainder when 1848 is divided by q?
23
Let t = -360 + 364. Suppose -506 = -k - 3*k - 2*u, -5*k = -t*u - 665. What is the remainder when k is divided by 11?
8
Suppose -5*r = -8*m + 3*m + 335, -3*r - 321 = -5*m. What is the remainder when 62 is divided by m?
2
Let j = -659 - -706. Suppose 0 = 5*l + 4*y - 40, l + 3*y - 36 = -17. What is the remainder when j is divided by l?
3
Let r(q) = -q**2 + 17*q + 434. Calculate the remainder when r(27) is divided by 54.
2
Let i(s) = -36*s**3 + s**2 + 3*s - 1. Let h be i(2). Calculate the remainder when 58 is divided by 3/((2/(-12))/(403/h)).
6
Let g = 6333 - 5969. Calculate the remainder when 735 is divided by g.
7
Suppose -805 = 16*u - 1013. Let d = 22 - -50. Suppose u*x = 19*x - d. Calculate the remainder when 32 is divided by x.
8
Suppose 0 = -30*o + 6*o + 96. Suppose 0 = -n + t + 1, 3*n = 8*n - 4*t - 7. Calculate the remainder when o is divided by n.
1
Suppose z = -3*q + 3*z + 8, 3*z + 12 = 5*q. Calculate the remainder when 199 is divided by q + (5 - 5) + 50.
49
Suppose -29 = -g + w, -g - 28 = -2*w - 58. What is the remainder when 269 is divided by g?
17
Calculate the remainder when (2/6 - 46/30)/(1848/(-2832060)) is divided by 454.
23
What is the remainder when 1411 is divided by (-290 - -282) + 6*(-8)/(-2)?
3
Suppose -158 - 74 = 2*r. Let y = r + 124. Calculate the remainder when 134 is divided by y.
6
Let v(k) = -k**2 - 2*k + 7. Let x be v(-3). Let a be 6/(-7)*252/(-27). Suppose x*b - a - 16 = 0. What is the remainder when 16 is divided by b?
4
Suppose 2*s - 248 = -0. Let h(c) = c**3 + c**2 - 10*c + 63. Calculate the remainder when s is divided by h(0).
61
Suppose -36*p + 41*p = -20, o + p + 95 = 0. Calculate the remainder when 387/21 - (-39)/o is divided by 2.
0
Suppose 8*g - 744 = 1368. Suppose 8*x + 32 = g. What is the remainder when x is divided by 18?
11
Let u = -18 - -55. Let p = 1864445 + -1863894. What is the remainder when p is divided by u?
33
Suppose 17 = -2*w + 3*w. Let h(g) = -7*g**2 + 305*g - 652. Calculate the remainder when h(41) is divided by w.
1
Suppose 4*f + 371 = 3*u, -3*u + 2333 - 1980 = 5*f. Let h(j) = 43*j**2 - 2*j - 1. Calculate the remainder when u is divided by h(-1).
33
Suppose -4*w + 209 = g, -w + 5*g + 20 = -6. Let n = 90 - w. What is the remainder when 77 is divided by n?
38
Suppose 3*j + 4*j - 1081 = -16*j. What is the remainder when 61 is divided by j?
14
Suppose -x = 5*p - 296, -860 = -2*x - 2*x - 2*p. Let g be 0 + -1 + 0 - -3. What is the remainder when x is divided by 1 - (g + -2 + -51)?
50
What is the remainder when ((-33)/(-4))/((-19)/((-185668)/21)) is divided by 96?
95
Let o = -379 + 122. Let x = 382 + o. What is the remainder when x is divided by 21?
20
Suppose 15*f + 33129 = 56*f + 40*f. What is the remainder when f is divided by 117?
58
Suppose 102*x = -87*x + 567. Calculate the remainder when (11/(-3))/(3/(-45)) is divided by x.
1
Let a be -3405 - (-9 + -4 - -8). Calculate the remainder when 279 is divided by (6/(-9))/(-4 + a/(-852)).
66
Suppose -4*q + 146*g = 142*g - 92, -2*q + 55 = g. What is the remainder when 4340 is divided by q?
24
Let y = -32 + 37. Suppose 7*x - 5*t - 102 = 6*x, 4*t = -y*x + 568. What is the remainder when x is divided by 38?
36
Let u(x) = x + 1. Let r be u(3). Calculate the remainder when 125 is divided by (-5)/(-10)*(r + 34 + 4).
20
Let z = 9 + 55. Suppose -491*n + 495*n - z = 0. What is the remainder when 27 is divided by n?
11
What is the remainder when 2734 is divided by (76/(-10))/(((-5)/(-11 + 36))/1)?
36
Let p be 129/(7 + -8 + -2). Let q(m) = m**2 - 5